y 23?
0
What is the remainder when 28963 is divided by 708?
643
Calculate the remainder when 11232507 is divided by 1513.
1508
What is the remainder when 47300 is divided by 223?
24
What is the remainder when 286453868 is divided by 10?
8
Calculate the remainder when 6713286 is divided by 1810.
1806
What is the remainder when 473273 is divided by 974?
883
Calculate the remainder when 24726191 is divided by 59.
58
Calculate the remainder when 109253 is divided by 6060.
173
Calculate the remainder when 1618016 is divided by 1618010.
6
What is the remainder when 65249592 is divided by 265?
232
What is the remainder when 6644413 is divided by 12?
1
What is the remainder when 478913 is divided by 1085?
428
Calculate the remainder when 4176320 is divided by 18.
14
What is the remainder when 1140825 is divided by 1140591?
234
Calculate the remainder when 7830944 is divided by 17717.
30
Calculate the remainder when 50598734 is divided by 199.
198
What is the remainder when 23821409 is divided by 1858?
1849
What is the remainder when 11127162 is divided by 230?
222
What is the remainder when 847552 is divided by 7008?
6592
Calculate the remainder when 954351 is divided by 136335.
6
What is the remainder when 297718 is divided by 49330?
1738
Calculate the remainder when 8129433 is divided by 9701.
9696
What is the remainder when 4075052 is divided by 2037384?
284
Calculate the remainder when 259641 is divided by 547.
363
Calculate the remainder when 6405423 is divided by 456.
447
Calculate the remainder when 39314553 is divided by 2796.
2793
What is the remainder when 10568 is divided by 2746?
2330
What is the remainder when 154205 is divided by 5121?
575
Calculate the remainder when 437151 is divided by 24286.
3
What is the remainder when 208942 is divided by 51590?
2582
What is the remainder when 467908 is divided by 93578?
18
Calculate the remainder when 4867612 is divided by 118.
112
What is the remainder when 14155475 is divided by 1011105?
5
Calculate the remainder when 22651 is divided by 3079.
1098
Calculate the remainder when 411241047 is divided by 5.
2
What is the remainder when 6493837 is divided by 689?
12
What is the remainder when 18679037 is divided by 934?
905
What is the remainder when 1138457 is divided by 428?
405
Calculate the remainder when 5715469 is divided by 515.
514
Calculate the remainder when 10694 is divided by 3223.
1025
Calculate the remainder when 2001611 is divided by 546.
521
What is the remainder when 2714670 is divided by 904857?
99
What is the remainder when 72799 is divided by 23492?
2323
Calculate the remainder when 24400347 is divided by 4365.
4362
What is the remainder when 1339873 is divided by 4890?
13
What is the remainder when 2909751 is divided by 45?
6
Calculate the remainder when 137250837 is divided by 512.
21
Calculate the remainder when 18974 is divided by 556.
70
Calculate the remainder when 1650081 is divided by 149925.
906
Calculate the remainder when 117055 is divided by 127.
88
Calculate the remainder when 1634630 is divided by 544873.
11
What is the remainder when 27108807 is divided by 81?
51
What is the remainder when 9687 is divided by 3770?
2147
What is the remainder when 206933 is divided by 276?
209
What is the remainder when 45016 is divided by 8745?
1291
What is the remainder when 5487 is divided by 1?
0
What is the remainder when 367442 is divided by 261?
215
What is the remainder when 2045414 is divided by 29?
15
Calculate the remainder when 42391 is divided by 42381.
10
What is the remainder when 3231725 is divided by 2922?
2915
Calculate the remainder when 3281405 is divided by 115.
110
Calculate the remainder when 4745838 is divided by 2226.
6
What is the remainder when 1208919 is divided by 4853?
522
What is the remainder when 137207 is divided by 140?
7
What is the remainder when 7095 is divided by 6220?
875
What is the remainder when 18360272 is divided by 2040020?
92
Calculate the remainder when 228455 is divided by 530.
25
Calculate the remainder when 154748 is divided by 2060.
248
Calculate the remainder when 14488 is divided by 154.
12
Calculate the remainder when 9615131 is divided by 918.
917
What is the remainder when 1485044 is divided by 212148?
8
Calculate the remainder when 8741868 is divided by 1237.
1226
Calculate the remainder when 488389 is divided by 14792.
253
What is the remainder when 53071995 is divided by 800?
795
What is the remainder when 6902 is divided by 2478?
1946
What is the remainder when 1165291 is divided by 8635?
8201
What is the remainder when 94457984 is divided by 47228987?
10
What is the remainder when 14187477 is divided by 35?
17
What is the remainder when 1982282 is divided by 5553?
5414
What is the remainder when 65531 is divided by 253?
4
Calculate the remainder when 289237 is divided by 2278.
2209
Calculate the remainder when 2376204 is divided by 91392.
12
What is the remainder when 2169842 is divided by 148?
14
Calculate the remainder when 2128586 is divided by 14111.
11936
What is the remainder when 1178131 is divided by 252?
31
What is the remainder when 627452 is divided by 5377?
3720
Calculate the remainder when 2126206 is divided by 2126034.
172
What is the remainder when 1183822 is divided by 470?
362
Calculate the remainder when 65958 is divided by 150.
108
What is the remainder when 105741 is divided by 1633?
1229
Calculate the remainder when 21019646 is divided by 155701.
11
What is the remainder when 945525 is divided by 4973?
655
What is the remainder when 1436545 is divided by 2925?
370
What is the remainder when 152885 is divided by 37459?
3049
Calculate the remainder when 92551 is divided by 13220.
11
What is the remainder when 18517755 is divided by 5032?
5027
Calculate the remainder when 1082012 is divided by 147.
92
What is the remainder when 376452 is divided by 1258?
310
Calculate the remainder when 31948008 is divided by 30543.
30
Calculate the remainder when 40761202 is divided by 11.
9
What is the remainder when 4132557 is divided by 10?
7
What is the remainder when 65786 is divided by 8189?
274
What is the remainder when 3608614 is divided by 17953?
61
Calculate the remainder when 10274227 is divided by 662.
649
Calculate the remainder when 465002 is divided by 1344.
1322
What is the remainder when 343970 is divided by 37918?
2708
What is the remainder when 4227236 is divided by 755?
746
What is the remainder when 137036 is divided by 14?
4
Calculate the remainder when 100487 is divided by 6275.
87
Calculate the remainder when 244627 is divided by 3345.
442
Calculate the remainder when 1074893 is divided by 80.
13
What is the remainder when 237225 is divided by 162?
57
What is the remainder when 578269899 is divided by 114?
111
Calculate the remainder when 149190364 is divided by 21.
1
Calculate the remainder when 20726 is divided by 784.
342
Calculate the remainder when 43754 is divided by 10749.
758
Calculate the remainder when 322035 is divided by 990.
285
What is the remainder when 144872984 is divided by 4?
0
What is the remainder when 22444799 is divided by 336?
335
What is the remainder when 27136317 is divided by 1841?
1818
Calculate the remainder when 41727461 is divided by 585.
581
What is the remainder when 1251116 is divided by 319?
317
Calculate the remainder when 11518439 is divided by 11518435.
4
What is the remainder when 14669898 is divided by 13?
9
Calculate the remainder when 133076 is divided by 253.
251
What is the remainder when 184460 is divided by 372?
320
Calculate the remainder when 2925946 is divided by 1502.
50
Calculate the remainder when 1540763 is divided by 110032.
315
What is the remainder when 9393719 is divided by 168?
167
Calculate the remainder when 369159 is divided by 109.
85
What is the remainder when 44220709 is divided by 44220691?
18
What is the remainder when 263028 is divided by 131192?
644
What is the remainder when 309214709 is divided by 24?
5
Calculate the remainder when 8384 is divided by 4185.
14
What is the remainder when 8106 is divided by 7818?
288
What is the remainder when 51157 is divided by 1342?
161
Calculate the remainder when 936411 is divided by 3728.
683
Calculate the remainder when 9886813 is divided by 1155.
13
Calculate the remainder when 268411